culate the remainder when 1916953 is divided by 958462.
29
Calculate the remainder when 1600057 is divided by 45.
37
Calculate the remainder when 839627 is divided by 55973.
32
Calculate the remainder when 438338 is divided by 125.
88
What is the remainder when 1405285 is divided by 702638?
9
What is the remainder when 2854333 is divided by 6099?
1
What is the remainder when 6354214 is divided by 1395?
1384
What is the remainder when 26850169 is divided by 362840?
9
What is the remainder when 6885416 is divided by 40742?
18
What is the remainder when 431175 is divided by 88?
63
What is the remainder when 223455 is divided by 5018?
2663
What is the remainder when 8064203 is divided by 33?
26
What is the remainder when 82035 is divided by 9?
0
Calculate the remainder when 61010 is divided by 60945.
65
Calculate the remainder when 911284 is divided by 11246.
358
Calculate the remainder when 160308208 is divided by 1515.
1513
What is the remainder when 72753 is divided by 596?
41
What is the remainder when 596720 is divided by 119028?
1580
Calculate the remainder when 396560 is divided by 132115.
215
Calculate the remainder when 805580 is divided by 857.
0
What is the remainder when 1279456 is divided by 26108?
164
What is the remainder when 1616643 is divided by 4?
3
Calculate the remainder when 26282199 is divided by 35.
34
What is the remainder when 4694566 is divided by 938913?
1
Calculate the remainder when 903457 is divided by 47548.
45
What is the remainder when 1415931 is divided by 26?
23
Calculate the remainder when 80539 is divided by 3480.
499
What is the remainder when 862878 is divided by 68?
26
What is the remainder when 7111165 is divided by 1015877?
26
What is the remainder when 71583416 is divided by 63?
44
What is the remainder when 31724 is divided by 1559?
544
Calculate the remainder when 93992 is divided by 11.
8
What is the remainder when 1459678 is divided by 7804?
330
Calculate the remainder when 3318922 is divided by 553081.
436
What is the remainder when 4581286 is divided by 218156?
10
Calculate the remainder when 5533206 is divided by 92220.
6
Calculate the remainder when 3094378 is divided by 674.
44
Calculate the remainder when 381392 is divided by 407.
33
What is the remainder when 1146979 is divided by 1961?
1755
Calculate the remainder when 3183861 is divided by 15307.
5
Calculate the remainder when 1218573 is divided by 1272.
1269
Calculate the remainder when 734026 is divided by 81548.
94
Calculate the remainder when 15991 is divided by 1008.
871
What is the remainder when 2140229 is divided by 305746?
7
What is the remainder when 292040 is divided by 2101?
1
Calculate the remainder when 1268794 is divided by 570.
544
What is the remainder when 2618553 is divided by 126?
21
What is the remainder when 582831 is divided by 968?
95
What is the remainder when 632286 is divided by 632100?
186
Calculate the remainder when 22393 is divided by 16158.
6235
Calculate the remainder when 236491 is divided by 71.
61
What is the remainder when 738732 is divided by 855?
12
What is the remainder when 14231744 is divided by 22483?
5
What is the remainder when 45529 is divided by 12412?
8293
What is the remainder when 196327 is divided by 4653?
901
Calculate the remainder when 2015357 is divided by 201507.
287
What is the remainder when 234657 is divided by 1963?
1060
What is the remainder when 1483704 is divided by 119?
12
What is the remainder when 1065297 is divided by 3483?
2982
Calculate the remainder when 93944653 is divided by 1381539.
1
Calculate the remainder when 64903 is divided by 32293.
317
What is the remainder when 145044691 is divided by 23?
21
What is the remainder when 29137 is divided by 312?
121
Calculate the remainder when 12868783 is divided by 525.
508
What is the remainder when 820364 is divided by 117192?
20
What is the remainder when 930019 is divided by 1550?
19
What is the remainder when 394324 is divided by 196891?
542
Calculate the remainder when 2759170 is divided by 15.
10
What is the remainder when 6979458 is divided by 11613?
45
Calculate the remainder when 260844 is divided by 1651.
1637
What is the remainder when 6097670 is divided by 10477?
56
Calculate the remainder when 6953912 is divided by 1517.
1501
What is the remainder when 464895 is divided by 77?
46
What is the remainder when 3634310 is divided by 146?
78
What is the remainder when 34925 is divided by 400?
125
Calculate the remainder when 254184 is divided by 486.
6
What is the remainder when 183431 is divided by 2379?
248
What is the remainder when 7834 is divided by 1302?
22
What is the remainder when 1134613 is divided by 1133481?
1132
What is the remainder when 10872 is divided by 9941?
931
Calculate the remainder when 36867412 is divided by 157553.
10
Calculate the remainder when 664141 is divided by 2282.
79
Calculate the remainder when 57259351 is divided by 1023.
1018
Calculate the remainder when 1978431 is divided by 69.
63
What is the remainder when 36225718 is divided by 360?
358
Calculate the remainder when 26906 is divided by 8841.
383
What is the remainder when 641641 is divided by 11?
0
Calculate the remainder when 7950728 is divided by 61.
49
Calculate the remainder when 501248 is divided by 1040.
1008
Calculate the remainder when 51829193 is divided by 294484.
9
Calculate the remainder when 14642486 is divided by 50666.
12
What is the remainder when 1467009 is divided by 17?
11
Calculate the remainder when 193811059 is divided by 64603681.
16
What is the remainder when 10563965 is divided by 201?
8
What is the remainder when 421389 is divided by 72?
45
What is the remainder when 775857 is divided by 15?
12
What is the remainder when 11020 is divided by 10004?
1016
What is the remainder when 107672218 is divided by 3996?
3994
Calculate the remainder when 104704745 is divided by 7856.
7833
Calculate the remainder when 48272655 is divided by 67.
26
What is the remainder when 32231628 is divided by 85495?
13
What is the remainder when 161098 is divided by 445?
8
What is the remainder when 204476 is divided by 116?
84
What is the remainder when 236139640 is divided by 265?
260
What is the remainder when 452090 is divided by 7167?
569
What is the remainder when 295682 is divided by 5042?
3246
What is the remainder when 23248093 is divided by 562?
401
Calculate the remainder when 292490 is divided by 288981.
3509
Calculate the remainder when 19299 is divided by 847.
665
What is the remainder when 729104 is divided by 5321?
127
Calculate the remainder when 688812 is divided by 338.
306
Calculate the remainder when 194606 is divided by 2136.
230
Calculate the remainder when 43736097 is divided by 11.
9
Calculate the remainder when 1168687 is divided by 15.
7
Calculate the remainder when 630151014 is divided by 13.
12
Calculate the remainder when 9380 is divided by 2180.
660
What is the remainder when 35940630 is divided by 25727?
11
Calculate the remainder when 151081 is divided by 1497.
1381
Calculate the remainder when 5589044 is divided by 693.
692
What is the remainder when 17093 is divided by 3867?
1625
Calculate the remainder when 1013012 is divided by 2489.
2478
Calculate the remainder when 68475252 is divided by 5212.
5208
Calculate the remainder when 2698024 is divided by 2021.
2010
What is the remainder when 3656725 is divided by 721?
534
What is the remainder when 41149 is divided by 6769?
535
What is the remainder when 1727575 is divided by 90918?
133
Calculate the remainder when 548430 is divided by 9.
6
Calculate the remainder when 140288 is divided by 73.
55
Calculate the remainder when 4004042 is divided by 60.
2
What is the remainder when 5808225 is divided by 9353?
12
What is the remainder when 29451660 is divided by 2677423?
7
What is the remainder when 44864 is divided by 1150?
14
Calculate the remainder when 1064617 is divided by 118286.
43
Calculate the remainder when 1578389 is divided by 3228.
3125
What is the remainder when 18704074 is divided by 4427?
4426
What is the remainder when 931970 is divided by 230?
10
Calculate the remainder when 36495 is divided by 659.
250
What is the remainder when 4829610 is divided by 1543?
20
What is the remainder when 1364452 is divided by 122?
4
What is the rema